{"id":16,"date":"2021-04-13T17:35:28","date_gmt":"2021-04-13T15:35:28","guid":{"rendered":"http:\/\/pielegnacjakobiet.pl\/?page_id=16"},"modified":"2025-07-30T11:36:22","modified_gmt":"2025-07-30T09:36:22","slug":"zabiegi-dla-kobiet-w-ciazy","status":"publish","type":"page","link":"https:\/\/pielegnacjakobiet.pl\/index.php\/zabiegi-dla-kobiet-w-ciazy\/","title":{"rendered":"ZABIEGI DLA KOBIET W CI\u0104\u017bY"},"content":{"rendered":"\n<div class=\"wp-block-cover alignfull is-light\"><img loading=\"lazy\" decoding=\"async\" width=\"1080\" height=\"1080\" class=\"wp-block-cover__image-background wp-image-629\" alt=\"\" src=\"http:\/\/pielegnacjakobiet.pl\/wp-content\/uploads\/2021\/05\/2021-05-19-094651173.jpg\" style=\"object-position:57% 55%\" data-object-fit=\"cover\" data-object-position=\"57% 55%\" srcset=\"https:\/\/pielegnacjakobiet.pl\/wp-content\/uploads\/2021\/05\/2021-05-19-094651173.jpg 1080w, https:\/\/pielegnacjakobiet.pl\/wp-content\/uploads\/2021\/05\/2021-05-19-094651173-300x300.jpg 300w, https:\/\/pielegnacjakobiet.pl\/wp-content\/uploads\/2021\/05\/2021-05-19-094651173-1024x1024.jpg 1024w, https:\/\/pielegnacjakobiet.pl\/wp-content\/uploads\/2021\/05\/2021-05-19-094651173-150x150.jpg 150w, https:\/\/pielegnacjakobiet.pl\/wp-content\/uploads\/2021\/05\/2021-05-19-094651173-768x768.jpg 768w\" sizes=\"auto, (max-width: 1080px) 100vw, 1080px\" \/><span aria-hidden=\"true\" class=\"wp-block-cover__background has-background-dim-20 has-background-dim\"><\/span><div class=\"wp-block-cover__inner-container is-layout-flow wp-block-cover-is-layout-flow\">\n<h2 class=\"wp-block-heading alignfull has-text-align-center\">ZABIEGI DLA KOBIET W CI\u0104\u017bY<\/h2>\n\n\n\n<p><\/p>\n<\/div><\/div>\n\n\n\n<p><\/p>\n\n\n\n<h3 class=\"wp-block-heading\"><strong>Zabieg dla sk\u00f3ry naczyniowej<\/strong><\/h3>\n\n\n\n<h5 class=\"wp-block-heading\"><strong>\u2013 Cappilar Skin Purles<\/strong><\/h5>\n\n\n\n<p>Idealny zabieg dla cery wra\u017cliwej, naczyniowej i sk\u0142onnej do podra\u017cnie\u0144. Kompleks naturalnych sk\u0142adnik\u00f3w aktywnych wykorzystywanych podczas zabiegu \u0142agodzi podra\u017cnienie i zaczerwienienie sk\u00f3ry, wzmacniaj\u0105c system immunologiczny sk\u00f3ry i uszczelnia \u015bciany naczy\u0144 krwiono\u015bnych. Ponadto zabieg ma dzia\u0142anie nawil\u017caj\u0105ce i regeneruj\u0105ce. Dodaje blasku i witalno\u015bci sk\u00f3rze, a relaksacyjny masa\u017c twarzy i karku przynosi ukojenie i odpr\u0119\u017cenie.<\/p>\n\n\n\n<h6 class=\"wp-block-heading\"><strong>Schemat zabiegu<\/strong>:<\/h6>\n\n\n\n<p>\u2013 demakija\u017c- peeling enzymatyczny \u2013 maska nawil\u017caj\u0105ca lub odm\u0142adzaj\u0105ca- masa\u017c relaksacyjny twarzy i karku- serum i maska wyciszaj\u0105ca i \u0142agodz\u0105ca \u2013 krem na okolic\u0119 oczy i twarz<\/p>\n\n\n\n<p><strong>Czas trwania zabiegu\u00a060 minut \u2013 Cena 220 z\u0142\u00a0<\/strong><\/p>\n\n\n\n<h3 class=\"wp-block-heading\"><strong>Zabieg oczyszczaj\u0105cy z mikrodermabrazj\u0105<\/strong><\/h3>\n\n\n\n<h5 class=\"wp-block-heading\">\u2013&nbsp;<strong>Pure Rebalancing Ceremony Purles<\/strong><\/h5>\n\n\n\n<p>Zabieg, kt\u00f3ry redukuje problemy sk\u00f3ry t\u0142ustej i mieszanej ze sk\u0142onno\u015bci\u0105 do tr\u0105dziku dostarczaj\u0105c wszechstronnych rozwi\u0105za\u0144 piel\u0119gnacyjnych.<\/p>\n\n\n\n<p>Dzi\u0119ki skrupulatnie wyselekcjonowanym sk\u0142adnikom aktywnym sk\u00f3ra zostaje oczyszczona, mikroflora bakteryjna zbalansowana a praca gruczo\u0142\u00f3w \u0142ojowych ustabilizowana. Za spraw\u0105 ekstrakt\u00f3w owocowych z pomara\u0144czy i cytryny, nie tylko przywraca zdrowy wygl\u0105d sk\u00f3rze, ale r\u00f3wnie\u017c rozja\u015bnia blizny po tr\u0105dzikowe, nadaje sk\u00f3rze g\u0142adko\u015b\u0107 i mi\u0119kko\u015b\u0107. Dodatkowo maska bazuj\u0105ca na cennych glinkach i olejach z wiesio\u0142ka i sezamowym, delikatnie zw\u0119\u017ca rozszerzone pory, eliminuje nadmiar toksyn w sk\u00f3rze, od\u017cywia oraz chroni przed szkodliwymi czynnikami zewn\u0119trznymi. Zabieg skutecznie walczy z niedoskona\u0142o\u015bciami, nie podra\u017cniaj\u0105c sk\u00f3ry i zapewniaj\u0105c d\u0142ugotrwa\u0142y efekt zmatowienia.<\/p>\n\n\n\n<p>Kuracja oczyszczaj\u0105ca jest przeznaczona dla sk\u00f3r problematycznych, zanieczyszczonych, dotkni\u0119tych problemem tr\u0105dziku, ale r\u00f3wnie\u017c dla os\u00f3b, kt\u00f3re pragn\u0105 od\u015bwie\u017cy\u0107 i oczy\u015bci\u0107 cer\u0119. Zabieg reguluje prace gruczo\u0142\u00f3w \u0142ojowych, przy\u015bpiesza gojenie stan\u00f3w zapalnych, detoksykuje, zw\u0119\u017ca i oczyszcza pory, nie powoduj\u0105c wysuszenie i \u015bci\u0105gni\u0119cia sk\u00f3ry.<\/p>\n\n\n\n<h6 class=\"wp-block-heading\"><strong>Schemat zabiegu<\/strong>:<\/h6>\n\n\n\n<p>demakija\u017c + mikrodermabrazaja diamentowa + maska oczyszczaj\u0105ca +&nbsp;masa\u017c relaksacyjny twarzy i karku + serum i maska detoksykuj\u0105ca&nbsp;+ krem na okolic\u0119 oczy i twarz<\/p>\n\n\n\n<p><strong>Czas trwania zabiegu 60 minut  <\/strong><\/p>\n\n\n\n<p><strong>Cena 220 z\u0142<\/strong><\/p>\n\n\n\n<p><\/p>\n\n\n\n<h3 class=\"wp-block-heading\"><strong>Zabieg odm\u0142adzaj\u0105co \u2013 rozja\u015bniajacy z ry\u017cem<\/strong><\/h3>\n\n\n\n<h5 class=\"wp-block-heading\"><strong>\u2013 Sushi Ceremony Purles<\/strong><\/h5>\n\n\n\n<p>Sushi Ceremony to luksusowa linia stworzona dla wielokierunkowych potrzeb sk\u00f3ry dojrza\u0142ej oraz z pierwszymi oznakami starzenia. Kompleks ro\u015blin alpejskich sprawia, \u017ce sk\u00f3ra zostaje oczyszczona z toksyn, nabiera blasku i witalno\u015bci. Powy\u017csze sk\u0142adniki zapewniaj\u0105 skuteczn\u0105 walk\u0119 z przebarwieniami, reguluj\u0105c procesy melaniny. Substancje pozyskiwane z ry\u017cu, w po\u0142\u0105czeniu z witamin\u0105 E oraz kwasem hialuronowym poprawiaj\u0105 mikrokr\u0105\u017cenie, redukuj\u0105 zmarszczki, wyg\u0142adzaj\u0105 i uj\u0119drniaj\u0105 sk\u00f3r\u0119. Dodatkowo masa\u017c twarzy i karku zapewnia pe\u0142en relaks i odpr\u0119\u017cenie.<\/p>\n\n\n\n<h6 class=\"wp-block-heading\"><strong>Schemat zabiegu:<\/strong><\/h6>\n\n\n\n<p>demakija\u017c + peeling enzymatyczny \/ mikrodermabrazja diamentowa + serum i kremowa maska rozja\u015bniaj\u0105ca +&nbsp;masa\u017c relaksacyjny twarzy i karku +&nbsp;serum o dzia\u0142aniu odm\u0142adzaj\u0105cym&nbsp;+ ry\u017cowa maska pudrowa \/ algowa maska z ry\u017cem o dzia\u0142aniu odm\u0142adzaj\u0105cym + krem na okolic\u0119 oczu i twarz&nbsp;<\/p>\n\n\n\n<p><strong>Czas trwania zabiegu&nbsp;60 minut<\/strong><\/p>\n\n\n\n<p>Cena 220 z\u0142<\/p>\n\n\n\n<h3 class=\"wp-block-heading\"><strong>Zabieg odm\u0142adzaj\u0105co \u2013 uj\u0119drniaj\u0105cy zabieg ze z\u0142otem i per\u0142ami<\/strong><\/h3>\n\n\n\n<h5 class=\"wp-block-heading\"><strong>\u2013 Gold, Pearls Ceremony Purles<\/strong><\/h5>\n\n\n\n<p>To wyj\u0105tkowa linia gwarantuj\u0105ca wysok\u0105 jako\u015b\u0107, bezpiecze\u0144stwo oraz widoczne rezultaty w d\u0105\u017ceniu do zachowania m\u0142odej sk\u00f3ry. Z\u0142oto doskonale wzmacnia struktur\u0119 kom\u00f3rkow\u0105 sk\u00f3ry i stymuluje procesy regeneracyjne. Cz\u0105steczki z\u0142ota poprawiaj\u0105 kondycj\u0119 sk\u00f3ry, uelastyczniaj\u0105 i pobudzaj\u0105 sk\u00f3r\u0119 do produkcji kolagenu. Per\u0142y roz\u015bwietlaj\u0105, redukuj\u0105 zmarszczki i uj\u0119drniaj\u0105 sk\u00f3r\u0119. Bogactwo sk\u0142adnik\u00f3w aktywnych, aminokwas\u00f3w i witamin pobudza naturaln\u0105 ochron\u0119 przed fotostarzeniem, nawil\u017ca i stymuluje metabolizm kom\u00f3rkowy.<\/p>\n\n\n\n<h6 class=\"wp-block-heading\"><strong>Schemat zabiegu:<\/strong><\/h6>\n\n\n\n<p>demakija\u017c + peeling enzymatyczny\/ mikrodermabraza diamentowa + serum i maska odm\u0142adzaj\u0105ca + masa\u017c relaksacyjny twarzy i karku +&nbsp;serum ze z\u0142otem i per\u0142ami aktywuj\u0105ce dzia\u0142anie maski algowej \u2013 maska algowa ze z\u0142otem lub z ekstraktem z wina o dzia\u0142aniu uj\u0119drniaj\u0105cym \u2013 krem na okolic\u0119 oczy i twarz<\/p>\n\n\n\n<p><strong>Czas trwania zabiegu&nbsp;60 minut <\/strong><\/p>\n\n\n\n<p>Cena 220 z\u0142<\/p>\n\n\n\n<p><\/p>\n\n\n\n<h3 class=\"wp-block-heading\"><\/h3>\n\n\n\n<h3 class=\"wp-block-heading\"><\/h3>\n\n\n\n<h3 class=\"wp-block-heading\"><strong>Mikrodermabrazja diamentowa<\/strong><\/h3>\n\n\n\n<p>Mikrodermabrazja polega na mechanicznym z\u0142uszczaniu nask\u00f3rka za pomoc\u0105 g\u0142owicy pokrytej naturalnym diamentem. \u015acieranie nast\u0119puje warstwa po warstwie, dzi\u0119ki temu nie ma niebezpiecze\u0144stwa powstania blizn b\u0105d\u017a zbyt g\u0142\u0119bokiego z\u0142uszczenia. Podczas zabiegu usuwamy stopniowo g\u00f3rne warstwy nask\u00f3rka, powoduj\u0105c wzmo\u017con\u0105 produkcj\u0119 nowych, pe\u0142nowarto\u015bciowych kom\u00f3rek w warstwie podstawnej.<\/p>\n\n\n\n<h6 class=\"wp-block-heading\"><strong>Zalety mikrodermabrazji:<\/strong><\/h6>\n\n\n\n<ul class=\"wp-block-list\">\n<li>Pobudzenie produkcji kolagenu i elastyny<\/li>\n\n\n\n<li>Poprawa j\u0119drno\u015bci sk\u00f3ry<\/li>\n\n\n\n<li>Likwidacja drobnych zmarszczek<\/li>\n\n\n\n<li>Oczyszczenie, od\u015bwie\u017cenie sk\u00f3ry<\/li>\n\n\n\n<li>Likwidacja zask\u00f3rnik\u00f3w i drobnych przebarwie\u0144<\/li>\n\n\n\n<li>Odnowa kom\u00f3rkowa i regeneracja sk\u00f3ry<\/li>\n\n\n\n<li>Przy\u015bpieszenie kr\u0105\u017cenia krwi i limfy<\/li>\n\n\n\n<li>Zwi\u0119kszenie absorbcji kosmetyk\u00f3w<\/li>\n<\/ul>\n\n\n\n<h3 class=\"wp-block-heading\"><strong>Henna<\/strong><\/h3>\n\n\n\n<p>Regulacja brwi \u2013 Cena 40 z\u0142<\/p>\n\n\n\n<p>Henna rz\u0119s\u00a0\u2013 Cena 40 z\u0142\u00a0<\/p>\n\n\n\n<p>Henna brwi (henna brwi z regulacj\u0105) \u2013 Cena 50 z\u0142<\/p>\n\n\n\n<p>Henna komplet (henna brwi z regulacj\u0105 + henna rz\u0119s) \u2013 Cena 70 z\u0142<\/p>\n\n\n\n<p><\/p>\n\n\n\n<h3 class=\"wp-block-heading has-text-align-center\"><strong>ZABIEGI NA CIA\u0141O:<\/strong><\/h3>\n\n\n\n<p><\/p>\n\n\n\n<h3 class=\"wp-block-heading\"><strong>Peeling ca\u0142ego cia\u0142a<\/strong><\/h3>\n\n\n\n<p>Aromatyczny peeling ca\u0142ego cia\u0142a dobierany indywidualnie do potrzeb sk\u00f3ry oraz oczekiwa\u0144 i upodoba\u0144 klienta. Zabieg doskonale z\u0142uszcza zrogowacia\u0142y nask\u00f3rek, od\u015bwie\u017ca, oczyszcza i regeneruje sk\u00f3r\u0119 przywracaj\u0105c jej blask i witalno\u015b\u0107.<\/p>\n\n\n\n<p><strong>Peeling ca\u0142ego cia\u0142a trwa 30 minut<\/strong>\u00a0<strong>\u2013 Cena 100 z\u0142<\/strong>.<\/p>\n\n\n\n<p><\/p>\n\n\n\n<h3 class=\"wp-block-heading\"><strong>Piel\u0119gnacyjny zabieg na cia\u0142o<\/strong><\/h3>\n\n\n\n<p>Nawil\u017caj\u0105cy i silnie od\u017cywczy sk\u00f3r\u0119 zabieg o indywidualnie dobranym aromacie. Zabieg na cia\u0142o odbudowuje i chroni nask\u00f3rek przynosz\u0105c intensywne i d\u0142ugotrwa\u0142e nawil\u017cenie, na przyk\u0142ad po ekspozycji na s\u0142o\u0144ce. Redukuje cellulit, od\u017cywia i dotlenia kom\u00f3rki sk\u00f3ry. Poprawia kr\u0105\u017cenie krwi pobudzaj\u0105c naturalne mechanizmy oczyszczaj\u0105co \u2013 drenuj\u0105ce. Zabieg sk\u0142ada si\u0119 z aromatycznego peelingu, maski silnie odbudowuj\u0105cej i uj\u0119drniaj\u0105cej sk\u00f3r\u0119 oraz relaksuj\u0105cego masa\u017cu. Aromatyczny zabieg zapobiega sucho\u015bci i szorstko\u015bci sk\u00f3ry, od\u015bwie\u017ca, uj\u0119drnia i dodatkowo relaksuje oraz poprawia samopoczucie zwi\u0105zane ze stresem i zm\u0119czeniem.<\/p>\n\n\n\n<p>Wiosenne aromaty do wyboru:<\/p>\n\n\n\n<ul class=\"wp-block-list\">\n<li>soczysty arbuz<\/li>\n<\/ul>\n\n\n\n<ul class=\"wp-block-list\">\n<li>s\u0142odki ja\u015bmin<\/li>\n<\/ul>\n\n\n\n<ul class=\"wp-block-list\">\n<li>czerwone wino<\/li>\n<\/ul>\n\n\n\n<ul class=\"wp-block-list\">\n<li>s\u0142oneczny bursztyn<\/li>\n<\/ul>\n\n\n\n<p><strong>\u00a0Czas trwanie zabiegu 90 minut (peeling ca\u0142ego cia\u0142a, maska\u00a0na cia\u0142o, masa\u017c od\u017cywczym balsamem)\u00a0\u2013 Cena 270 z\u0142<\/strong><\/p>\n\n\n\n<h3 class=\"wp-block-heading\"><strong>Zabieg Aromat Czekoldy<\/strong><\/h3>\n\n\n\n<p>Pachn\u0105cy s\u0142odycz\u0105 i gor\u0105c\u0105 czekolad\u0105 zabieg w jednej chwili wprawia w doskona\u0142y nastr\u00f3j, odpr\u0119\u017cenie i nastawia pozytywnie do \u017cycia. Dzieje si\u0119 tak, poniewa\u017c czekolada wyzwala produkcj\u0119 endorfin, b\u0119d\u0105cych hormonami szcz\u0119\u015bcia. W kosmetykach zawarte jest naturalne mas\u0142o z kakao, kt\u00f3re piel\u0119gnuje i wzmacnia sk\u00f3r\u0119 dzi\u0119ki zawarto\u015bci witamin, magnezu, wapnia, ceramid\u00f3w. Czekolada pobudza kr\u0105\u017cenie, zmniejsza obrz\u0119ki i przyspiesza spalanie t\u0142uszcz\u00f3w, poniewa\u017c zawiera kofein\u0119 i teobromin\u0119. Zabieg czekoladowy poprawia koloryt sk\u00f3ry, od\u017cywia i pozostawia sk\u00f3r\u0119 g\u0142adk\u0105 i promienn\u0105. Relaksuj\u0105cy masa\u017c czekolad\u0105 w po\u0142\u0105czeniu z aromatycznym zapachem pomara\u0144czy, mi\u0119ty czy cynamonu przenosi zmys\u0142y w krain\u0119 pachn\u0105cej przyjemno\u015bci.<\/p>\n\n\n\n<p><strong>Czas trwania zabiegu\u00a090 minut (peeling cia\u0142a + maska + masa\u017c od\u017cywczym balsamem)\u00a0\u2013 Cena 270z<\/strong>\u0142<\/p>\n\n\n\n<p><\/p>\n\n\n\n<h3 class=\"wp-block-heading has-text-align-center\"><strong>MASA\u017b<\/strong><\/h3>\n\n\n\n<p><\/p>\n\n\n\n<h3 class=\"wp-block-heading\"><strong>Masa\u017c twarzy, g\u0142owy i karku<\/strong><\/h3>\n\n\n\n<p>Masa\u017c twarzy, g\u0142owy i dekoltu to zabieg wyj\u0105tkowo odpr\u0119\u017caj\u0105cy i relaksacyjny, dzia\u0142aj\u0105cy od\u017cywczo, regeneruj\u0105co i przeciwzmarszczkowo na sk\u00f3r\u0119 twarzy, szyi i dekoltu. Dzi\u0119ki masa\u017cowi poprawia si\u0119 kr\u0105\u017cenie, sk\u00f3ra staj\u0119 si\u0119 j\u0119drniejsza i bardziej napi\u0119ta, dzi\u0119ki czemu osi\u0105gamy m\u0142ody i zdrowy wygl\u0105d. Masa\u017c g\u0142owy przynosi ukojenie przy migrenach, b\u00f3lach g\u0142owy, uczuciu zm\u0119czenia i napi\u0119cia. Masa\u017c twarzy, g\u0142owy i dekoltu pomaga zachowa\u0107 promienny wygl\u0105d sk\u00f3ry, przeciwdzia\u0142a powstawaniu zmarszczek oraz rozlu\u017ania napi\u0119te mi\u0119\u015bnie twarzy, szyi, karku oraz g\u0142owy, kt\u00f3re mog\u0105 powodowa\u0107 dolegliwo\u015bci b\u00f3lowe.<\/p>\n\n\n\n<p><strong>Czas trwania masa\u017cu 30 minut \u2013 Cena 120 z\u0142.<\/strong><\/p>\n\n\n\n<h3 class=\"wp-block-heading\"><strong>Masa\u017c dla kobiet w ci\u0105\u017cy<\/strong><\/h3>\n\n\n\n<p>Ci\u0105\u017ca jest szczeg\u00f3lnym i niezwyk\u0142ym czasem, kt\u00f3ry ka\u017cda kobieta pragnie prze\u017cy\u0107 w spos\u00f3b wyj\u0105tkowy i \u015bwiadomy. W okresie ci\u0105\u017cy cia\u0142o kobiety ulega licznym zmianom, takim jak obrz\u0119ki ko\u0144czyn, wzrost wagi, z\u0142e samopoczucie, b\u00f3le plec\u00f3w, sucho\u015b\u0107 i szorstko\u015b\u0107 sk\u00f3ry. Masa\u017c pomaga zwalczy\u0107 te dolegliwo\u015bci i cieszy\u0107 si\u0119 tym szczeg\u00f3lnym czasem. Poprzez dotyk i oddzia\u0142ywanie na wszystkie zmys\u0142y, cia\u0142o relaksuje si\u0119, odpr\u0119\u017ca i wycisza. Dzi\u0119ki temu wp\u0142ywamy r\u00f3wnie\u017c korzystnie na dziecko, poniewa\u017c spok\u00f3j matki dzia\u0142a koj\u0105co na malucha. Masa\u017c dla kobiet ci\u0119\u017carnych harmonizuje cia\u0142o i umys\u0142, przywraca r\u00f3wnowag\u0119 matki i dziecka oraz dba o sk\u00f3r\u0119, nawil\u017caj\u0105c, od\u017cywiaj\u0105c, poprawiaj\u0105c kr\u0105\u017cenie, uelastyczniaj\u0105c, uj\u0119drniaj\u0105c, zapobiegaj\u0105c pojawianiu si\u0119 rozst\u0119p\u00f3w oraz przygotowuj\u0105c sk\u00f3r\u0119 do lepszej i szybszej regeneracji po porodzie.<\/p>\n\n\n\n<p><strong>Czy s\u0105 przeciwskazania do masa\u017cu w ci\u0105\u017cy?<\/strong><\/p>\n\n\n\n<p>Masa\u017c relaksacyjny&nbsp;w ci\u0105\u017cy to wspania\u0142yspos\u00f3b, aby&nbsp;zadba\u0107 o siebie, Male\u0144stwo oraz zrelaksowac swoje cia\u0142o i umys\u0142. Je\u015bli ci\u0105\u017ca rozwija si\u0119 prawid\u0142owo to nie ma przeciwskaza\u0144 do masa\u017cu relaksacyjnego i mo\u017cna go wykonywa\u0107 od II trymestru ci\u0105\u017cy do samego porodu.<\/p>\n\n\n\n<p>Dla bezpiecze\u0144stwa i komfortu&nbsp;Mamy i Maluszka przed masa\u017cem prosz\u0119 o&nbsp;za\u015bwiadczenie od lekarza prowadz\u0105cego, \u017ce&nbsp;nie ma przeciwskaza\u0144 do masa\u017cu i ci\u0105\u017ca rozwija si\u0119 prawid\u0142owo.&nbsp;<\/p>\n\n\n\n<p><br><strong>Czas trwania masa\u017cu 60 minut \u2013 Cena 210 z\u0142<br>Masa\u017c plec\u00f3w 30 minut \u2013 Cena 120 z\u0142<\/strong><\/p>\n\n\n\n<p><\/p>\n\n\n\n<p><\/p>\n\n\n\n<p><\/p>\n","protected":false},"excerpt":{"rendered":"<p>Zabieg dla sk\u00f3ry naczyniowej \u2013 Cappilar Skin Purles Idealny zabieg dla cery wra\u017cliwej, naczyniowej i sk\u0142onnej do podra\u017cnie\u0144. Kompleks naturalnych sk\u0142adnik\u00f3w aktywnych wykorzystywanych podczas zabiegu \u0142agodzi podra\u017cnienie i zaczerwienienie sk\u00f3ry, wzmacniaj\u0105c system immunologiczny sk\u00f3ry i uszczelnia \u015bciany naczy\u0144 krwiono\u015bnych. Ponadto zabieg ma dzia\u0142anie nawil\u017caj\u0105ce i regeneruj\u0105ce. Dodaje blasku i witalno\u015bci sk\u00f3rze, a relaksacyjny masa\u017c twarzy [&hellip;]<\/p>\n","protected":false},"author":1,"featured_media":0,"parent":0,"menu_order":0,"comment_status":"closed","ping_status":"closed","template":"","meta":{"_coblocks_attr":"","_coblocks_dimensions":"","_coblocks_responsive_height":"","_coblocks_accordion_ie_support":"","hide_page_title":"","footnotes":""},"class_list":["post-16","page","type-page","status-publish","hentry"],"_links":{"self":[{"href":"https:\/\/pielegnacjakobiet.pl\/index.php\/wp-json\/wp\/v2\/pages\/16","targetHints":{"allow":["GET"]}}],"collection":[{"href":"https:\/\/pielegnacjakobiet.pl\/index.php\/wp-json\/wp\/v2\/pages"}],"about":[{"href":"https:\/\/pielegnacjakobiet.pl\/index.php\/wp-json\/wp\/v2\/types\/page"}],"author":[{"embeddable":true,"href":"https:\/\/pielegnacjakobiet.pl\/index.php\/wp-json\/wp\/v2\/users\/1"}],"replies":[{"embeddable":true,"href":"https:\/\/pielegnacjakobiet.pl\/index.php\/wp-json\/wp\/v2\/comments?post=16"}],"version-history":[{"count":15,"href":"https:\/\/pielegnacjakobiet.pl\/index.php\/wp-json\/wp\/v2\/pages\/16\/revisions"}],"predecessor-version":[{"id":989,"href":"https:\/\/pielegnacjakobiet.pl\/index.php\/wp-json\/wp\/v2\/pages\/16\/revisions\/989"}],"wp:attachment":[{"href":"https:\/\/pielegnacjakobiet.pl\/index.php\/wp-json\/wp\/v2\/media?parent=16"}],"curies":[{"name":"wp","href":"https:\/\/api.w.org\/{rel}","templated":true}]}}