{"id":12,"date":"2021-04-13T17:35:28","date_gmt":"2021-04-13T15:35:28","guid":{"rendered":"http:\/\/pielegnacjakobiet.pl\/?page_id=12"},"modified":"2025-07-30T11:38:10","modified_gmt":"2025-07-30T09:38:10","slug":"zabiegi-na-twarz","status":"publish","type":"page","link":"https:\/\/pielegnacjakobiet.pl\/index.php\/zabiegi-na-twarz\/","title":{"rendered":"ZABIEGI NA TWARZ"},"content":{"rendered":"\n<div class=\"wp-block-cover alignfull is-light\"><img loading=\"lazy\" decoding=\"async\" width=\"1080\" height=\"1080\" class=\"wp-block-cover__image-background wp-image-471\" alt=\"\" src=\"http:\/\/pielegnacjakobiet.pl\/wp-content\/uploads\/2021\/04\/158329274_117182650382440_1148901603548581400_n1.jpg\" style=\"object-position:43% 36%\" data-object-fit=\"cover\" data-object-position=\"43% 36%\" srcset=\"https:\/\/pielegnacjakobiet.pl\/wp-content\/uploads\/2021\/04\/158329274_117182650382440_1148901603548581400_n1.jpg 1080w, https:\/\/pielegnacjakobiet.pl\/wp-content\/uploads\/2021\/04\/158329274_117182650382440_1148901603548581400_n1-300x300.jpg 300w, https:\/\/pielegnacjakobiet.pl\/wp-content\/uploads\/2021\/04\/158329274_117182650382440_1148901603548581400_n1-1024x1024.jpg 1024w, https:\/\/pielegnacjakobiet.pl\/wp-content\/uploads\/2021\/04\/158329274_117182650382440_1148901603548581400_n1-150x150.jpg 150w, https:\/\/pielegnacjakobiet.pl\/wp-content\/uploads\/2021\/04\/158329274_117182650382440_1148901603548581400_n1-768x768.jpg 768w\" sizes=\"auto, (max-width: 1080px) 100vw, 1080px\" \/><span aria-hidden=\"true\" class=\"wp-block-cover__background has-background-dim-20 has-background-dim\"><\/span><div class=\"wp-block-cover__inner-container is-layout-flow wp-block-cover-is-layout-flow\">\n<h2 class=\"wp-block-heading\">ZABIEGI NA TWARZ<\/h2>\n<\/div><\/div>\n\n\n\n<h3 class=\"wp-block-heading\"> <strong>Masa\u017c twarzy Kobido UP<\/strong><\/h3>\n\n\n\n<p><\/p>\n\n\n\n<p>Kobido oznacza staro\u017cytn\u0105 drog\u0119 do pi\u0119kna jest to japo\u0144ski lifting twarzy. Masa\u017c dzia\u0142a na g\u0142\u0119bsze warstwy sk\u00f3ry i mi\u0119\u015bni, dzi\u0119ki czemu efekty s\u0105 zauwa\u017calne nawet po pierwszym zabiegu. Dochodzi do likwidacji napi\u0119\u0107 mi\u0119\u015bniowych i w rezultacie do rozlu\u017anienia i sp\u0142ycenia zmarszczek.<\/p>\n\n\n\n<p><\/p>\n\n\n\n<p>KORZY\u015aCI MASA\u017bU:      <\/p>\n\n\n\n<ul class=\"wp-block-list\">\n<li>sp\u0142ycenie zmarszczek<\/li>\n\n\n\n<li>poprawa owalu <\/li>\n\n\n\n<li>zmniejszenie obrz\u0119k\u00f3w<\/li>\n\n\n\n<li>podniesienie opadaj\u0105cych powiek<\/li>\n\n\n\n<li>oczyszczenie sk\u00f3ry z toksyn<\/li>\n\n\n\n<li>likwidacja napi\u0119\u0107 z okolicy szyi i karku<\/li>\n\n\n\n<li>stymulacja produkcji kolagenu i elastyny<\/li>\n\n\n\n<li>redukcja stresu<\/li>\n\n\n\n<li>g\u0142\u0119bokie rozlu\u017anienie i odpr\u0119\u017cenie<\/li>\n\n\n\n<li>\u0142agodzenie b\u00f3l\u00f3w g\u0142owy i migreny<\/li>\n<\/ul>\n\n\n\n<p>Masa\u017c Kobido Lift rozpoczyna si\u0119 od siedzenia i rozlu\u017anienia, rozmasowania g\u0142owy, karku oraz mi\u0119\u015bni przykr\u0119gos\u0142upowych. Nast\u0119pnie masa\u017c odbywa si\u0119 ju\u017c w pozycji le\u017c\u0105cej i sk\u0142ada si\u0119 z g\u0142\u0119bokiego rozlu\u017anienia mi\u0119\u015bni, relaksacji, drena\u017cu limfatycznego, liftingu i opracowaniu zmarszczek oraz akupresury.<\/p>\n\n\n\n<p><\/p>\n\n\n\n<p><strong>Cena zabiegu &#8211; 230 z\u0142 70 min<\/strong><\/p>\n\n\n\n<p><\/p>\n\n\n\n<p><strong>MASA\u017b KOBIDO LIFT + KINESIOTAPING TWARZY &#8211; 270 z\u0142<\/strong><\/p>\n\n\n\n<p><\/p>\n\n\n\n<p><strong>MASA\u017b KOBIDO LIFT + SERUM I MASKA &#8211; 270z\u0142<\/strong><\/p>\n\n\n\n<h3 class=\"wp-block-heading\"><strong>Kinesiotaping twarzy <\/strong><\/h3>\n\n\n\n<p><\/p>\n\n\n\n<p>Kinasiotaping estetyczny jest to technika rozlu\u017aniania mi\u0119\u015bni przy pomocy specjalnych ta\u015bm. Jest to technika powi\u0119ziowa, kt\u00f3ra polega na czasowym oklejeniu twarzy ta\u015bmami, aby rozlu\u017ani\u0107 mi\u0119\u015bnie i obni\u017cy\u0107 napi\u0119cie powierzchniowe.<\/p>\n\n\n\n<p><\/p>\n\n\n\n<p>KORZY\u015aCI KINESIOTAPINGU:<\/p>\n\n\n\n<ul class=\"wp-block-list\">\n<li>naturalna metoda odm\u0142odzenia<\/li>\n\n\n\n<li>rezlu\u017anienie mi\u0119\u015bni i przywr\u00f3cenie elastyczno\u015bci<\/li>\n\n\n\n<li>poprawa mikrokr\u0105\u017cenia krwi i przep\u0142yw limfy, dzi\u0119ki czemu zmniejszamy zasinienia oraz obrz\u0119ki<\/li>\n\n\n\n<li>uniesienie owalu twarzy<\/li>\n\n\n\n<li>relaksacja spi\u0119tych mi\u0119\u015bni<\/li>\n\n\n\n<li>pomaga w redukcji drugiego podbr\u00f3dka<\/li>\n\n\n\n<li>sp\u0142ycenie zmarszczek np. lwia zmarszczka, zmarszczki na czole, bruzda nosowo-wargowa, zmarszczki palacza<\/li>\n\n\n\n<li>rozlu\u017anienie szyi i mi\u0119\u015bnia mostkowo-obojczykowo-sutkowego<\/li>\n\n\n\n<li>rozlu\u017anienie mi\u0119\u015bnia \u017cwacza i poprawa w leczeniu bruksizmu<\/li>\n<\/ul>\n\n\n\n<p>Ta\u015bmy pierwszy raz naklejamy na 5-6 godziny. Przy kolejnym zabiegu ta\u015bmy trzymamy do 12 h.<\/p>\n\n\n\n<p>Kinesiotaping jest doskona\u0142y uzupe\u0142nieniem masa\u017cu liftinguj\u0105cego Kobido Lift.<\/p>\n\n\n\n<p>Jednorazowo oklejamy maksymalnie 3-4  partie np. czo\u0142o, bruzda nosowo-wargowa, owal twarzy <\/p>\n\n\n\n<p><\/p>\n\n\n\n<p><strong>Cena zabiegu &#8211; 40 z\u0142 <\/strong><\/p>\n\n\n\n<h3 class=\"wp-block-heading\"><\/h3>\n\n\n\n<p><\/p>\n\n\n\n<h3 class=\"wp-block-heading\"><strong>Zabieg dla sk\u00f3ry naczyniowej <\/strong><\/h3>\n\n\n\n<h5 class=\"wp-block-heading\"><\/h5>\n\n\n\n<p>Idealny zabieg dla cery wra\u017cliwej, naczyniowej i sk\u0142onnej do podra\u017cnie\u0144. Kompleks naturalnych sk\u0142adnik\u00f3w aktywnych wykorzystywanych podczas zabiegu \u0142agodzi podra\u017cnienie i zaczerwienienie sk\u00f3ry, wzmacniaj\u0105c system immunologiczny sk\u00f3ry i uszczelnia \u015bciany naczy\u0144 krwiono\u015bnych. Ponadto zabieg ma dzia\u0142anie nawil\u017caj\u0105ce i regeneruj\u0105ce. Dodaje blasku i witalno\u015bci sk\u00f3rze, a relaksacyjny masa\u017c twarzy i karku przynosi ukojenie i odpr\u0119\u017cenie.<\/p>\n\n\n\n<h6 class=\"wp-block-heading\"><strong>Schemat zabiegu<\/strong>:<\/h6>\n\n\n\n<p>&#8211; demakija\u017c +peeling enzymatyczny lub peeling kawitacyjny + maska dobrana do potrzeb cery + masa\u017c relaksacyjny twarzy i karku + maska wyciszaj\u0105ca i \u0142agodz\u0105ca + p\u0142atki pod oczy + krem na okolic\u0119 oczy i twarz<\/p>\n\n\n\n<p><\/p>\n\n\n\n<p><strong>Czas trwania zabiegu\u00a060 minut<\/strong> &#8211; <strong>Cena 220 z\u0142<\/strong><\/p>\n\n\n\n<p><\/p>\n\n\n\n<p><\/p>\n\n\n\n<h3 class=\"wp-block-heading\"><strong>Zabieg oczyszczaj\u0105cy z peelingiem kawitacyjnym lub mikrodermabrazj\u0105<\/strong><\/h3>\n\n\n\n<h5 class=\"wp-block-heading\"><\/h5>\n\n\n\n<p>Zabieg, kt\u00f3ry redukuje problemy sk\u00f3ry t\u0142ustej i mieszanej ze sk\u0142onno\u015bci\u0105 do tr\u0105dziku dostarczaj\u0105c wszechstronnych rozwi\u0105za\u0144 piel\u0119gnacyjnych.<\/p>\n\n\n\n<p>Dzi\u0119ki skrupulatnie wyselekcjonowanym sk\u0142adnikom aktywnym sk\u00f3ra zostaje oczyszczona, mikroflora bakteryjna zbalansowana a praca gruczo\u0142\u00f3w \u0142ojowych ustabilizowana. Za spraw\u0105 ekstrakt\u00f3w owocowych z pomara\u0144czy i cytryny, nie tylko przywraca zdrowy wygl\u0105d sk\u00f3rze, ale r\u00f3wnie\u017c rozja\u015bnia blizny po tr\u0105dzikowe, nadaje sk\u00f3rze g\u0142adko\u015b\u0107 i mi\u0119kko\u015b\u0107. Dodatkowo maska bazuj\u0105ca na cennych glinkach i olejach z wiesio\u0142ka i sezamowym, delikatnie zw\u0119\u017ca rozszerzone pory, eliminuje nadmiar toksyn w sk\u00f3rze, od\u017cywia oraz chroni przed szkodliwymi czynnikami zewn\u0119trznymi. Zabieg skutecznie walczy z niedoskona\u0142o\u015bciami, nie podra\u017cniaj\u0105c sk\u00f3ry i zapewniaj\u0105c d\u0142ugotrwa\u0142y efekt zmatowienia.<\/p>\n\n\n\n<p><\/p>\n\n\n\n<h6 class=\"wp-block-heading\"><strong>Schemat zabiegu<\/strong>:<\/h6>\n\n\n\n<p>demakija\u017c + peeling kawitacyjny lub mikrodermabrazaja diamentowa + maska oczyszczaj\u0105ca +&nbsp;masa\u017c relaksacyjny twarzy i karku + maska detoksykuj\u0105ca&nbsp;+ krem na okolic\u0119 oczy i twarz<\/p>\n\n\n\n<p><strong>Czas trwania zabiegu 60 minut &#8211; Cena 220 z\u0142.\u00a0<\/strong><\/p>\n\n\n\n<h3 class=\"wp-block-heading\"><strong>Zabieg odm\u0142adzaj\u0105cy<\/strong><\/h3>\n\n\n\n<p>Wielokierunkowy zabieg dla potrzeb sk\u00f3ry dojrza\u0142ej oraz z pierwszymi oznakami starzenia. Zapewnia skuteczn\u0105 walk\u0119 z przebarwieniami, reguluj\u0105c procesy melaniny, poprawia mikrokr\u0105\u017cenie, redukuj\u0105 zmarszczki, wyg\u0142adzaj\u0105 i uj\u0119drniaj\u0105 sk\u00f3r\u0119. Dodatkowo masa\u017c twarzy i karku zapewnia pe\u0142en relaks i odpr\u0119\u017cenie.<\/p>\n\n\n\n<h6 class=\"wp-block-heading\"><strong>Schemat zabiegu:<\/strong><\/h6>\n\n\n\n<p>demakija\u017c + peeling enzymatyczny lub peeling kawitacyjny lub mikrodermabrazja diamentowa + serum i kremowa maska rozja\u015bniaj\u0105ca +&nbsp;masa\u017c relaksacyjny twarzy i karku &nbsp;+ maska o dzia\u0142aniu odm\u0142adzaj\u0105cym + p\u0142atki pod oczy + krem na okolic\u0119 oczu i twarz&nbsp;<\/p>\n\n\n\n<p><\/p>\n\n\n\n<p><strong>Czas trwania zabiegu\u00a060 minut &#8211; Cena 220 z\u0142<\/strong><\/p>\n\n\n\n<p><\/p>\n\n\n\n<h3 class=\"wp-block-heading\"><strong>Zabieg uj\u0119drniaj\u0105cy <\/strong><\/h3>\n\n\n\n<h5 class=\"wp-block-heading\"><\/h5>\n\n\n\n<p>To wyj\u0105tkowa linia gwarantuj\u0105ca wysok\u0105 jako\u015b\u0107, bezpiecze\u0144stwo oraz widoczne rezultaty w d\u0105\u017ceniu do zachowania m\u0142odej sk\u00f3ry. Z\u0142oto doskonale wzmacnia struktur\u0119 kom\u00f3rkow\u0105 sk\u00f3ry i stymuluje procesy regeneracyjne. Cz\u0105steczki z\u0142ota poprawiaj\u0105 kondycj\u0119 sk\u00f3ry, uelastyczniaj\u0105 i pobudzaj\u0105 sk\u00f3r\u0119 do produkcji kolagenu. Per\u0142y roz\u015bwietlaj\u0105, redukuj\u0105 zmarszczki i uj\u0119drniaj\u0105 sk\u00f3r\u0119. Bogactwo sk\u0142adnik\u00f3w aktywnych, aminokwas\u00f3w i witamin pobudza naturaln\u0105 ochron\u0119 przed fotostarzeniem, nawil\u017ca i stymuluje metabolizm kom\u00f3rkowy.<\/p>\n\n\n\n<h6 class=\"wp-block-heading\"><strong>Schemat zabiegu:<\/strong><\/h6>\n\n\n\n<p>demakija\u017c + peeling enzymatyczny lub peeling kawitacyjny lub mikrodermabraza diamentowa + serum i maska odm\u0142adzaj\u0105ca + masa\u017c relaksacyjny twarzy i karku +&nbsp;serum ze z\u0142otem i per\u0142ami aktywuj\u0105ce dzia\u0142anie maski algowej &#8211; maska algowa ze z\u0142otem lub z ekstraktem z wina o dzia\u0142aniu uj\u0119drniaj\u0105cym &#8211; krem na okolic\u0119 oczy i twarz<\/p>\n\n\n\n<p><\/p>\n\n\n\n<p><strong>Czas trwania zabiegu\u00a060 minut <\/strong> &#8211;<strong> Cena 220 z\u0142<\/strong><\/p>\n\n\n\n<h3 class=\"wp-block-heading\">&nbsp;<\/h3>\n\n\n\n<h3 class=\"wp-block-heading\"><strong>Zabieg dobrany do potrzeb sk\u00f3ry <\/strong><\/h3>\n\n\n\n<h5 class=\"wp-block-heading\"><\/h5>\n\n\n\n<p>Marzy Ci si\u0119 zabieg zabieg piel\u0119gnacyjny twarz i odrobin\u0105 relaksu, ale nie wiesz czego potrzebuje Twoja sk\u00f3ra? <\/p>\n\n\n\n<p>Mo\u017cesz um\u00f3wi\u0107 si\u0119 na zabieg indywidualnie dobrany do Twoich potrzeb. Zabieg obejmuje peeling, maski, masa\u017c relaksacyjny twarzy i karku oraz p\u0142atki kolagenowe pod oczy.<\/p>\n\n\n\n<p><strong>Schemat zabiegu:<\/strong><\/p>\n\n\n\n<p>demakija\u017c + peeling enzymatyczny\/ peeling kawitacyjny\/ mikrodermabrazja + maska + masa\u017c relaksacyjny twarzy i karku + maska + p\u0142atki pod oczy + krem na twarz i okolice oczu<\/p>\n\n\n\n<p><br><strong>Czas trwania zabiegu 60 minut \u2013 Cena 220 z\u0142<\/strong><\/p>\n\n\n\n<h3 class=\"wp-block-heading\"><strong>Peeling chemiczny &#8211; kwasy<\/strong><\/h3>\n\n\n\n<p>Gwarantuj\u0105 eksfoliacj\u0119 najwy\u017cszej jako\u015bci i skuteczno\u015bci. Stanowi\u0105 idealne rozwi\u0105zanie wielu problem\u00f3w sk\u00f3ry.&nbsp;&nbsp;Indywidualnie dobrany zabieg do potrzeb Twojej sk\u00f3ry na bazie kwas\u00f3w.<\/p>\n\n\n\n<h6 class=\"wp-block-heading\"><\/h6>\n\n\n\n<h6 class=\"wp-block-heading\"><strong>Schemat zabiegu:<\/strong><\/h6>\n\n\n\n<p>demakija\u017c + preparat na bazie kwas\u00f3w+ serum i maska&nbsp;normalizuj\u0105ca + krem ochronny zfiltrem SPF 50&nbsp;<\/p>\n\n\n\n<p><strong>Czas trwania zabiegu 60 minut \u2013 Cena 250 z\u0142<\/strong><\/p>\n\n\n\n<h3 class=\"wp-block-heading\"><strong>Mikrodermabrazja diamentowa<\/strong><\/h3>\n\n\n\n<p>Mikrodermabrazja polega na mechanicznym z\u0142uszczaniu nask\u00f3rka za pomoc\u0105 g\u0142owicy pokrytej naturalnym diamentem. \u015acieranie nast\u0119puje warstwa po warstwie, dzi\u0119ki temu nie ma niebezpiecze\u0144stwa powstania blizn b\u0105d\u017a zbyt g\u0142\u0119bokiego z\u0142uszczenia. Podczas zabiegu usuwamy stopniowo g\u00f3rne warstwy nask\u00f3rka, powoduj\u0105c wzmo\u017con\u0105 produkcj\u0119 nowych, pe\u0142nowarto\u015bciowych kom\u00f3rek w warstwie podstawnej.<\/p>\n\n\n\n<h6 class=\"wp-block-heading\"><strong>Zalety mikrodermabrazji:<\/strong><\/h6>\n\n\n\n<ul class=\"wp-block-list\">\n<li>Pobudzenie produkcji kolagenu i elastyny<\/li>\n\n\n\n<li>Poprawa j\u0119drno\u015bci sk\u00f3ry<\/li>\n\n\n\n<li>Likwidacja drobnych zmarszczek<\/li>\n\n\n\n<li>Oczyszczenie, od\u015bwie\u017cenie sk\u00f3ry<\/li>\n\n\n\n<li>Likwidacja zask\u00f3rnik\u00f3w i drobnych przebarwie\u0144<\/li>\n\n\n\n<li>Odnowa kom\u00f3rkowa i regeneracja sk\u00f3ry<\/li>\n\n\n\n<li>Przy\u015bpieszenie kr\u0105\u017cenia krwi i limfy<\/li>\n\n\n\n<li>Zwi\u0119kszenie absorbcji kosmetyk\u00f3w<\/li>\n<\/ul>\n\n\n\n<h3 class=\"wp-block-heading\"><strong>&nbsp;Peeling kawitacyjny<\/strong><\/h3>\n\n\n\n<p>&nbsp;Kawitacja to zabieg, kt\u00f3ry polega na usuni\u0119ciu martwego nask\u00f3rka i nadmiaru serum przy&nbsp;&nbsp; pomocy ultrad\u017awi\u0119k\u00f3w. Peeling z\u0142uszcza nask\u00f3rek, od\u015bwie\u017caj\u0105c i dog\u0142\u0119bnie oczyszczaj\u0105c cer\u0119. Ultrad\u017awi\u0119ki pobudzaj\u0105 mikrokr\u0105\u017cenie sk\u00f3ry, dotleniaj\u0105c j\u0105, rozja\u015bniaj\u0105c i wyg\u0142adzaj\u0105c.<\/p>\n\n\n\n<h6 class=\"wp-block-heading\"><strong>Zalety peelingu kawitacyjnego:<\/strong><\/h6>\n\n\n\n<p>&#8211; sk\u00f3ra bez zask\u00f3rnik\u00f3w<\/p>\n\n\n\n<p>&#8211; oczyszczona i promienna sk\u00f3ra<\/p>\n\n\n\n<p>&#8211; roz\u015bwietlenie cery<\/p>\n\n\n\n<p>&#8211; wyg\u0142adzenie drobnych zmarszczek<\/p>\n\n\n\n<h3 class=\"wp-block-heading\"><strong>Henna<\/strong><\/h3>\n\n\n\n<p>Regulacja brwi &#8211; Cena 40 z\u0142<\/p>\n\n\n\n<p>Henna rz\u0119s\u00a0&#8211; Cena 40 z\u0142\u00a0<\/p>\n\n\n\n<p>Henna brwi (henna brwi z regulacj\u0105) &#8211; Cena 50 z\u0142<\/p>\n\n\n\n<p>Henna komplet (henna brwi z regulacj\u0105 + henna rz\u0119s) &#8211; Cena 70 z\u0142<\/p>\n","protected":false},"excerpt":{"rendered":"<p>Masa\u017c twarzy Kobido UP Kobido oznacza staro\u017cytn\u0105 drog\u0119 do pi\u0119kna jest to japo\u0144ski lifting twarzy. Masa\u017c dzia\u0142a na g\u0142\u0119bsze warstwy sk\u00f3ry i mi\u0119\u015bni, dzi\u0119ki czemu efekty s\u0105 zauwa\u017calne nawet po pierwszym zabiegu. Dochodzi do likwidacji napi\u0119\u0107 mi\u0119\u015bniowych i w rezultacie do rozlu\u017anienia i sp\u0142ycenia zmarszczek. KORZY\u015aCI MASA\u017bU: Masa\u017c Kobido Lift rozpoczyna si\u0119 od siedzenia i [&hellip;]<\/p>\n","protected":false},"author":1,"featured_media":0,"parent":0,"menu_order":0,"comment_status":"closed","ping_status":"closed","template":"","meta":{"_coblocks_attr":"","_coblocks_dimensions":"","_coblocks_responsive_height":"","_coblocks_accordion_ie_support":"","hide_page_title":"","footnotes":""},"class_list":["post-12","page","type-page","status-publish","hentry"],"_links":{"self":[{"href":"https:\/\/pielegnacjakobiet.pl\/index.php\/wp-json\/wp\/v2\/pages\/12","targetHints":{"allow":["GET"]}}],"collection":[{"href":"https:\/\/pielegnacjakobiet.pl\/index.php\/wp-json\/wp\/v2\/pages"}],"about":[{"href":"https:\/\/pielegnacjakobiet.pl\/index.php\/wp-json\/wp\/v2\/types\/page"}],"author":[{"embeddable":true,"href":"https:\/\/pielegnacjakobiet.pl\/index.php\/wp-json\/wp\/v2\/users\/1"}],"replies":[{"embeddable":true,"href":"https:\/\/pielegnacjakobiet.pl\/index.php\/wp-json\/wp\/v2\/comments?post=12"}],"version-history":[{"count":34,"href":"https:\/\/pielegnacjakobiet.pl\/index.php\/wp-json\/wp\/v2\/pages\/12\/revisions"}],"predecessor-version":[{"id":992,"href":"https:\/\/pielegnacjakobiet.pl\/index.php\/wp-json\/wp\/v2\/pages\/12\/revisions\/992"}],"wp:attachment":[{"href":"https:\/\/pielegnacjakobiet.pl\/index.php\/wp-json\/wp\/v2\/media?parent=12"}],"curies":[{"name":"wp","href":"https:\/\/api.w.org\/{rel}","templated":true}]}}